{"id":21,"date":"2020-09-18T15:32:44","date_gmt":"2020-09-18T13:32:44","guid":{"rendered":"http:\/\/lapindenoel.com\/?page_id=21"},"modified":"2020-10-01T21:30:04","modified_gmt":"2020-10-01T19:30:04","slug":"les","status":"publish","type":"page","link":"https:\/\/lapindenoel.com\/index.php\/les\/","title":{"rendered":"Les +"},"content":{"rendered":"\n<p class=\"has-text-color has-large-font-size\" style=\"color:#a38500\">Les chansons du Lapin de No\u00ebl<\/p>\n\n\n\n<figure class=\"wp-block-image size-large\"><img loading=\"lazy\" width=\"378\" height=\"295\" src=\"http:\/\/lapindenoel.com\/wp-content\/uploads\/2020\/09\/Capture-de\u0301cran-2020-09-25-a\u0300-12.27.34.png\" alt=\"\" class=\"wp-image-233\" srcset=\"https:\/\/lapindenoel.com\/wp-content\/uploads\/2020\/09\/Capture-de\u0301cran-2020-09-25-a\u0300-12.27.34.png 378w, https:\/\/lapindenoel.com\/wp-content\/uploads\/2020\/09\/Capture-de\u0301cran-2020-09-25-a\u0300-12.27.34-300x234.png 300w\" sizes=\"(max-width: 378px) 100vw, 378px\" \/><\/figure>\n\n\n\n<p class=\"has-text-color has-medium-font-size\" style=\"color:#a38500\"><strong>Mon Beau Lapin <\/strong><\/p>\n\n\n\n<p>Mon beau lapin, roi des for\u00eats<br>Que j\u2019aime ta posture<br>Quand, par l\u2019hiver, tout l\u2019monde a froid<br>Qu\u2019\u00e0 cause du gel, tout le monde se p\u00e8le,&nbsp;<br>Mon beau lapin, roi des for\u00eats<br>Tu gardes ta fourrure<br><br>Toi que No\u00ebl pare de guirlandes<br>Tu sais tr\u00e8s bien tenir ton r\u00f4le<br>Joli Lapin, comme tu es doux<br>Et des oreilles et de partout<br>Toi que No\u00ebl pare de boules,<br>Tout brillant tu es tr\u00e8s dr\u00f4le<\/p>\n\n\n\n<p>Mon beau lapin roi des for\u00eats<br>Que j&#8217;aime ta fourrure<\/p>\n\n\n\n<p><\/p>\n\n\n\n<p class=\"has-text-color has-medium-font-size\" style=\"color:#a38500\"><strong>Petit lapin de No\u00ebl<\/strong>*<\/p>\n\n\n\n<p>Petit Lapin d&#8217;No\u00ebl<br>Quand t&#8217;arriveras dans l&#8217;salon<br>En faisant plein de petits bonds<br>N&#8217;oublie pas de mettre tes chaussons<br>Car en bas l&#8217;carrelage est si froid, <br>Et j&#8217;voudrai pas que tu t&#8217;enrhumes.<br>Il faudra aussi pr\u00e9venir l&#8217;P\u00e8re No\u00ebl <br>Qu&#8217;on n&#8217;a plus d&#8217;sapin, mais qu&#8217;t&#8217;es l\u00e0<br>Petit Lapin d&#8217;No\u00ebl<br>T&#8217;es plus beau et plus \u00e9l\u00e9gant<br>Que ce foutu sapin <br>Qui fait m\u00eame pas d&#8217;fruits ni d&#8217;glands<br>Petit Lapin d&#8217;No\u00ebl<\/p>\n\n\n\n<p class=\"has-small-font-size\">*sur l&#8217;air de Petit papa No\u00ebl<\/p>\n\n\n\n<p class=\"has-text-color has-large-font-size\" style=\"color:#a38500\">Le jeu du Lapin de No\u00ebl<\/p>\n\n\n\n<figure class=\"wp-block-image size-large\"><img loading=\"lazy\" width=\"266\" height=\"258\" src=\"http:\/\/lapindenoel.com\/wp-content\/uploads\/2020\/09\/Capture-de\u0301cran-2020-09-29-a\u0300-15.06.43.png\" alt=\"\" class=\"wp-image-295\"\/><\/figure>\n\n\n\n<p><strong>Kidik\u00f4a ?  Redonne \u00e0 chacun sa citation&#8230;<\/strong><\/p>\n\n\n\n<div class=\"wp-block-image\"><figure class=\"aligncenter size-large\"><img loading=\"lazy\" width=\"672\" height=\"549\" src=\"http:\/\/lapindenoel.com\/wp-content\/uploads\/2020\/09\/Capture-de\u0301cran-2020-09-30-a\u0300-12.42.49.png\" alt=\"\" class=\"wp-image-328\" srcset=\"https:\/\/lapindenoel.com\/wp-content\/uploads\/2020\/09\/Capture-de\u0301cran-2020-09-30-a\u0300-12.42.49.png 672w, https:\/\/lapindenoel.com\/wp-content\/uploads\/2020\/09\/Capture-de\u0301cran-2020-09-30-a\u0300-12.42.49-300x245.png 300w\" sizes=\"(max-width: 672px) 100vw, 672px\" \/><\/figure><\/div>\n","protected":false},"excerpt":{"rendered":"<p>Les chansons du Lapin de No\u00ebl Mon Beau Lapin Mon beau lapin, roi des for\u00eatsQue j\u2019aime ta postureQuand, par l\u2019hiver, tout l\u2019monde a froidQu\u2019\u00e0 cause du gel, tout le monde se p\u00e8le,&nbsp;Mon beau lapin, roi des for\u00eatsTu gardes ta fourrure Toi que No\u00ebl pare de guirlandesTu sais tr\u00e8s bien tenir ton r\u00f4leJoli Lapin, comme tu &hellip; <\/p>\n<p class=\"link-more\"><a href=\"https:\/\/lapindenoel.com\/index.php\/les\/\" class=\"more-link\">Continue reading<span class=\"screen-reader-text\"> &#8220;Les +&#8221;<\/span><\/a><\/p>\n","protected":false},"author":1,"featured_media":0,"parent":0,"menu_order":0,"comment_status":"closed","ping_status":"closed","template":"","meta":[],"_links":{"self":[{"href":"https:\/\/lapindenoel.com\/index.php\/wp-json\/wp\/v2\/pages\/21"}],"collection":[{"href":"https:\/\/lapindenoel.com\/index.php\/wp-json\/wp\/v2\/pages"}],"about":[{"href":"https:\/\/lapindenoel.com\/index.php\/wp-json\/wp\/v2\/types\/page"}],"author":[{"embeddable":true,"href":"https:\/\/lapindenoel.com\/index.php\/wp-json\/wp\/v2\/users\/1"}],"replies":[{"embeddable":true,"href":"https:\/\/lapindenoel.com\/index.php\/wp-json\/wp\/v2\/comments?post=21"}],"version-history":[{"count":12,"href":"https:\/\/lapindenoel.com\/index.php\/wp-json\/wp\/v2\/pages\/21\/revisions"}],"predecessor-version":[{"id":374,"href":"https:\/\/lapindenoel.com\/index.php\/wp-json\/wp\/v2\/pages\/21\/revisions\/374"}],"wp:attachment":[{"href":"https:\/\/lapindenoel.com\/index.php\/wp-json\/wp\/v2\/media?parent=21"}],"curies":[{"name":"wp","href":"https:\/\/api.w.org\/{rel}","templated":true}]}}