{"id":9,"date":"2020-09-14T11:33:27","date_gmt":"2020-09-14T09:33:27","guid":{"rendered":"http:\/\/lapindenoel.com\/?page_id=9"},"modified":"2020-12-05T14:06:17","modified_gmt":"2020-12-05T13:06:17","slug":"commande","status":"publish","type":"page","link":"https:\/\/lapindenoel.com\/index.php\/commande\/","title":{"rendered":"J&#8217;en veux !"},"content":{"rendered":"\n<h2 class=\"has-text-color has-large-font-size\" style=\"color:#a38500\">3 tailles disponibles, 1 ou 2 couleurs <\/h2>\n\n\n\n<div class=\"wp-block-image\"><figure class=\"aligncenter size-large\"><img loading=\"lazy\" width=\"306\" height=\"187\" src=\"http:\/\/lapindenoel.com\/wp-content\/uploads\/2020\/10\/lapin-copain.png\" alt=\"\" class=\"wp-image-362\" srcset=\"https:\/\/lapindenoel.com\/wp-content\/uploads\/2020\/10\/lapin-copain.png 306w, https:\/\/lapindenoel.com\/wp-content\/uploads\/2020\/10\/lapin-copain-300x183.png 300w\" sizes=\"(max-width: 306px) 100vw, 306px\" \/><\/figure><\/div>\n\n\n\n<figure class=\"wp-block-table\"><table><tbody><tr><td><strong>1 couleur<\/strong><\/td><td><strong>Uni  vert<\/strong><\/td><\/tr><tr><td><strong>GRAND LAPIN<\/strong><br>Taille : 170 cm &#8211; Couleur vert<\/td><td>132 \u20ac<\/td><\/tr><tr><td><strong>MOYEN LAPIN<\/strong><br>Taille : 110 cm &#8211; Couleur vert<\/td><td>108 \u20ac<\/td><\/tr><tr><td><strong>PETIT LAPIN<\/strong><br>Taille : 65 cm &#8211; Couleur vert<\/td><td>72 \u20ac<\/td><\/tr><\/tbody><\/table><figcaption>Les prix comprennent le socle du lapin et le mode d&#8217;emploi<br>Les prix sont hors frais de port<\/figcaption><\/figure>\n\n\n\n<p class=\"has-text-color has-large-font-size\" style=\"color:#a38500\">Recto Verso<\/p>\n\n\n\n<figure class=\"wp-block-image size-large\"><img loading=\"lazy\" width=\"855\" height=\"186\" src=\"http:\/\/lapindenoel.com\/wp-content\/uploads\/2020\/10\/lapin-bi-color.png\" alt=\"\" class=\"wp-image-361\" srcset=\"https:\/\/lapindenoel.com\/wp-content\/uploads\/2020\/10\/lapin-bi-color.png 855w, https:\/\/lapindenoel.com\/wp-content\/uploads\/2020\/10\/lapin-bi-color-300x65.png 300w, https:\/\/lapindenoel.com\/wp-content\/uploads\/2020\/10\/lapin-bi-color-768x167.png 768w\" sizes=\"(max-width: 767px) 89vw, (max-width: 1000px) 54vw, (max-width: 1071px) 543px, 580px\" \/><\/figure>\n\n\n\n<p><strong>Couleurs disponibles : <\/strong><br>&#8211; Pivoine : face les p\u00e9tales, pile les feuilles et la tige<br>&#8211; Bleu : face ciel d\u00e9gag\u00e9, pile la cime des arbres<br>&#8211; D&#8217;Api : face vert pomme, pile les feuilles du pommier<\/p>\n\n\n\n<p>Possibilit\u00e9 d&#8217;inverser les couleurs \u00e0 savoir<br>&#8211; Pivoine : pile les p\u00e9tales, face les feuilles et la tige<br>&#8211; Bleu : pile ciel d\u00e9gag\u00e9, face la cime des arbres<br>&#8211; D&#8217;Api : pile vert pomme, face les feuilles du pommier<br><\/p>\n\n\n\n<figure class=\"wp-block-table aligncenter\"><table><tbody><tr><td> <strong>2 couleurs<\/strong><\/td><td>Recto Verso               <\/td><\/tr><tr><td> <strong>GRAND LAPIN<\/strong><br>Taille : 170 cm &#8211; Bi-colore                                                                                                <\/td><td>156 \u20ac<\/td><\/tr><tr><td><strong>MOYEN LAPIN<\/strong><br>Taille : 110 cm &#8211; Bi-colore<\/td><td>132 \u20ac<\/td><\/tr><tr><td><strong>PETIT LAPIN<\/strong><br>Taille : 65 cm &#8211; Bi-colore<\/td><td>96 \u20ac<\/td><\/tr><\/tbody><\/table><figcaption><em>Les prix comprennent le socle du lapin et le mode d&#8217;emploi<\/em><br><em>Les prix sont hors frais de port<\/em><\/figcaption><\/figure>\n\n\n\n<figure class=\"wp-block-image size-large is-resized\"><img loading=\"lazy\" src=\"http:\/\/lapindenoel.com\/wp-content\/uploads\/2020\/10\/3-lapin-de-noel-975x1024.jpg\" alt=\"\" class=\"wp-image-377\" width=\"546\" height=\"573\" srcset=\"https:\/\/lapindenoel.com\/wp-content\/uploads\/2020\/10\/3-lapin-de-noel-975x1024.jpg 975w, https:\/\/lapindenoel.com\/wp-content\/uploads\/2020\/10\/3-lapin-de-noel-286x300.jpg 286w, https:\/\/lapindenoel.com\/wp-content\/uploads\/2020\/10\/3-lapin-de-noel-768x806.jpg 768w, https:\/\/lapindenoel.com\/wp-content\/uploads\/2020\/10\/3-lapin-de-noel.jpg 1381w\" sizes=\"(max-width: 546px) 100vw, 546px\" \/><\/figure>\n\n\n\n<p class=\"has-text-color has-large-font-size\" style=\"color:#a38500\">La Lapin de No\u00ebl est un lapin fran\u00e7ais<\/p>\n\n\n\n<div class=\"wp-block-image\"><figure class=\"aligncenter size-large is-resized\"><img loading=\"lazy\" src=\"http:\/\/lapindenoel.com\/wp-content\/uploads\/2020\/10\/lapin-noel-france.png\" alt=\"\" class=\"wp-image-363\" width=\"235\" height=\"219\" srcset=\"https:\/\/lapindenoel.com\/wp-content\/uploads\/2020\/10\/lapin-noel-france.png 421w, https:\/\/lapindenoel.com\/wp-content\/uploads\/2020\/10\/lapin-noel-france-300x280.png 300w\" sizes=\"(max-width: 235px) 100vw, 235px\" \/><\/figure><\/div>\n\n\n\n<p class=\"has-normal-font-size\">Con\u00e7u et fabriqu\u00e9 en France, le Lapin de No\u00ebl est un Lapin de proximit\u00e9 qui pr\u00f4ne le circuit court, directement du producteur au consommateur.<\/p>\n\n\n\n<div class=\"wp-block-image is-style-rounded\"><figure class=\"aligncenter size-large\"><img loading=\"lazy\" width=\"610\" height=\"896\" src=\"http:\/\/lapindenoel.com\/wp-content\/uploads\/2020\/10\/lapinsimplesanspied.jpg\" alt=\"\" class=\"wp-image-418\" srcset=\"https:\/\/lapindenoel.com\/wp-content\/uploads\/2020\/10\/lapinsimplesanspied.jpg 610w, https:\/\/lapindenoel.com\/wp-content\/uploads\/2020\/10\/lapinsimplesanspied-204x300.jpg 204w\" sizes=\"(max-width: 610px) 100vw, 610px\" \/><\/figure><\/div>\n\n\n\n<p class=\"has-text-align-center has-text-color has-large-font-size\" style=\"color:#a38500\">Pour ne pas louper No\u00ebl, commandez d\u00e8s \u00e0 pr\u00e9sent votre Lapin de No\u00ebl !<\/p>\n\n\n\n<p><strong>Pour vos commandes<\/strong>&nbsp;:<br>T\u00e9l. 01 42 70 11 53 demandez :<br><strong>Monsieur Philippe Lapin : <\/strong><br><a href=\"mailto:lapinphilippe@lapindenoel.com\">lapinphilippe@lapindenoel.com<\/a><br><strong>Madame Claire Lapin : <\/strong><br><a href=\"mailto:lapinclaire@lapindenoel.com\">lapinclaire@lapindenoel.com<\/a><\/p>\n\n\n\n<hr class=\"wp-block-separator\"\/>\n\n\n\n<p><\/p>\n\n\n\n<p><br><\/p>\n","protected":false},"excerpt":{"rendered":"<p>3 tailles disponibles, 1 ou 2 couleurs 1 couleur Uni vert GRAND LAPINTaille : 170 cm &#8211; Couleur vert 132 \u20ac MOYEN LAPINTaille : 110 cm &#8211; Couleur vert 108 \u20ac PETIT LAPINTaille : 65 cm &#8211; Couleur vert 72 \u20ac Les prix comprennent le socle du lapin et le mode d&#8217;emploiLes prix sont hors &hellip; <\/p>\n<p class=\"link-more\"><a href=\"https:\/\/lapindenoel.com\/index.php\/commande\/\" class=\"more-link\">Continue reading<span class=\"screen-reader-text\"> &#8220;J&#8217;en veux !&#8221;<\/span><\/a><\/p>\n","protected":false},"author":1,"featured_media":0,"parent":0,"menu_order":0,"comment_status":"closed","ping_status":"closed","template":"","meta":[],"_links":{"self":[{"href":"https:\/\/lapindenoel.com\/index.php\/wp-json\/wp\/v2\/pages\/9"}],"collection":[{"href":"https:\/\/lapindenoel.com\/index.php\/wp-json\/wp\/v2\/pages"}],"about":[{"href":"https:\/\/lapindenoel.com\/index.php\/wp-json\/wp\/v2\/types\/page"}],"author":[{"embeddable":true,"href":"https:\/\/lapindenoel.com\/index.php\/wp-json\/wp\/v2\/users\/1"}],"replies":[{"embeddable":true,"href":"https:\/\/lapindenoel.com\/index.php\/wp-json\/wp\/v2\/comments?post=9"}],"version-history":[{"count":31,"href":"https:\/\/lapindenoel.com\/index.php\/wp-json\/wp\/v2\/pages\/9\/revisions"}],"predecessor-version":[{"id":534,"href":"https:\/\/lapindenoel.com\/index.php\/wp-json\/wp\/v2\/pages\/9\/revisions\/534"}],"wp:attachment":[{"href":"https:\/\/lapindenoel.com\/index.php\/wp-json\/wp\/v2\/media?parent=9"}],"curies":[{"name":"wp","href":"https:\/\/api.w.org\/{rel}","templated":true}]}}

<h2 class="has-text-color has-large-font-size" style="color:#a38500">3 tailles disponibles, 1 ou 2 couleurs </h2>



<div class="wp-block-image"><figure class="aligncenter size-large"><img loading="lazy" width="306" height="187" src="http://lapindenoel.com/wp-content/uploads/2020/10/lapin-copain.png" alt="" class="wp-image-362" srcset="https://lapindenoel.com/wp-content/uploads/2020/10/lapin-copain.png 306w, https://lapindenoel.com/wp-content/uploads/2020/10/lapin-copain-300x183.png 300w" sizes="(max-width: 306px) 100vw, 306px" /></figure></div>



<figure class="wp-block-table"><table><tbody><tr><td><strong>1 couleur</strong></td><td><strong>Uni  vert</strong></td></tr><tr><td><strong>GRAND LAPIN</strong><br>Taille : 170 cm &#8211; Couleur vert</td><td>132 €</td></tr><tr><td><strong>MOYEN LAPIN</strong><br>Taille : 110 cm &#8211; Couleur vert</td><td>108 €</td></tr><tr><td><strong>PETIT LAPIN</strong><br>Taille : 65 cm &#8211; Couleur vert</td><td>72 €</td></tr></tbody></table><figcaption>Les prix comprennent le socle du lapin et le mode d&#8217;emploi<br>Les prix sont hors frais de port</figcaption></figure>



<p class="has-text-color has-large-font-size" style="color:#a38500">Recto Verso</p>



<figure class="wp-block-image size-large"><img loading="lazy" width="855" height="186" src="http://lapindenoel.com/wp-content/uploads/2020/10/lapin-bi-color.png" alt="" class="wp-image-361" srcset="https://lapindenoel.com/wp-content/uploads/2020/10/lapin-bi-color.png 855w, https://lapindenoel.com/wp-content/uploads/2020/10/lapin-bi-color-300x65.png 300w, https://lapindenoel.com/wp-content/uploads/2020/10/lapin-bi-color-768x167.png 768w" sizes="(max-width: 767px) 89vw, (max-width: 1000px) 54vw, (max-width: 1071px) 543px, 580px" /></figure>



<p><strong>Couleurs disponibles : </strong><br>&#8211; Pivoine : face les pétales, pile les feuilles et la tige<br>&#8211; Bleu : face ciel dégagé, pile la cime des arbres<br>&#8211; D&#8217;Api : face vert pomme, pile les feuilles du pommier</p>



<p>Possibilité d&#8217;inverser les couleurs à savoir<br>&#8211; Pivoine : pile les pétales, face les feuilles et la tige<br>&#8211; Bleu : pile ciel dégagé, face la cime des arbres<br>&#8211; D&#8217;Api : pile vert pomme, face les feuilles du pommier<br></p>



<figure class="wp-block-table aligncenter"><table><tbody><tr><td> <strong>2 couleurs</strong></td><td>Recto Verso               </td></tr><tr><td> <strong>GRAND LAPIN</strong><br>Taille : 170 cm &#8211; Bi-colore                                                                                                </td><td>156 €</td></tr><tr><td><strong>MOYEN LAPIN</strong><br>Taille : 110 cm &#8211; Bi-colore</td><td>132 €</td></tr><tr><td><strong>PETIT LAPIN</strong><br>Taille : 65 cm &#8211; Bi-colore</td><td>96 €</td></tr></tbody></table><figcaption><em>Les prix comprennent le socle du lapin et le mode d&#8217;emploi</em><br><em>Les prix sont hors frais de port</em></figcaption></figure>



<figure class="wp-block-image size-large is-resized"><img loading="lazy" src="http://lapindenoel.com/wp-content/uploads/2020/10/3-lapin-de-noel-975x1024.jpg" alt="" class="wp-image-377" width="546" height="573" srcset="https://lapindenoel.com/wp-content/uploads/2020/10/3-lapin-de-noel-975x1024.jpg 975w, https://lapindenoel.com/wp-content/uploads/2020/10/3-lapin-de-noel-286x300.jpg 286w, https://lapindenoel.com/wp-content/uploads/2020/10/3-lapin-de-noel-768x806.jpg 768w, https://lapindenoel.com/wp-content/uploads/2020/10/3-lapin-de-noel.jpg 1381w" sizes="(max-width: 546px) 100vw, 546px" /></figure>



<p class="has-text-color has-large-font-size" style="color:#a38500">La Lapin de Noël est un lapin français</p>



<div class="wp-block-image"><figure class="aligncenter size-large is-resized"><img loading="lazy" src="http://lapindenoel.com/wp-content/uploads/2020/10/lapin-noel-france.png" alt="" class="wp-image-363" width="235" height="219" srcset="https://lapindenoel.com/wp-content/uploads/2020/10/lapin-noel-france.png 421w, https://lapindenoel.com/wp-content/uploads/2020/10/lapin-noel-france-300x280.png 300w" sizes="(max-width: 235px) 100vw, 235px" /></figure></div>



<p class="has-normal-font-size">Conçu et fabriqué en France, le Lapin de Noël est un Lapin de proximité qui prône le circuit court, directement du producteur au consommateur.</p>



<div class="wp-block-image is-style-rounded"><figure class="aligncenter size-large"><img loading="lazy" width="610" height="896" src="http://lapindenoel.com/wp-content/uploads/2020/10/lapinsimplesanspied.jpg" alt="" class="wp-image-418" srcset="https://lapindenoel.com/wp-content/uploads/2020/10/lapinsimplesanspied.jpg 610w, https://lapindenoel.com/wp-content/uploads/2020/10/lapinsimplesanspied-204x300.jpg 204w" sizes="(max-width: 610px) 100vw, 610px" /></figure></div>



<p class="has-text-align-center has-text-color has-large-font-size" style="color:#a38500">Pour ne pas louper Noël, commandez dès à présent votre Lapin de Noël !</p>



<p><strong>Pour vos commandes</strong>&nbsp;:<br>Tél. 01 42 70 11 53 demandez :<br><strong>Monsieur Philippe Lapin : </strong><br><a href="mailto:lapinphilippe@lapindenoel.com">lapinphilippe@lapindenoel.com</a><br><strong>Madame Claire Lapin : </strong><br><a href="mailto:lapinclaire@lapindenoel.com">lapinclaire@lapindenoel.com</a></p>



<hr class="wp-block-separator"/>



<p></p>



<p><br></p>
